er when b is divided by 2/6 - 84/(-18)?
4
Let i(h) be the third derivative of -3*h**4/8 + h**3/3 + 4*h**2. Calculate the remainder when i(-4) is divided by 20.
18
Let f = 0 + 3. Calculate the remainder when f is divided by 1.
0
Suppose -5 = i - 1, -3*k - 3*i = -18. Suppose w = -4*w. What is the remainder when 27*1 + (w - -1) is divided by k?
8
Suppose 0 = 2*t + 2*k - 4*k - 66, 5*t + 3*k = 149. Let i(f) = -f - 2*f**2 - 2 - f**3 - 2 + 5*f - 1. Calculate the remainder when t is divided by i(-4).
9
Let n(b) = -2*b**2 + 23*b - 19. Let p(q) = -q**2 + 12*q - 10. Let t(a) = 3*n(a) - 5*p(a). Suppose f = -f + 8. Calculate the remainder when t(6) is divided by f.
3
Calculate the remainder when 9 is divided by (-1)/(4/(-10)*(-2)/(-4)).
4
Let l(h) = h + 12. Let g be l(-8). Suppose 6*z - 2 = g*z. Calculate the remainder when 2 is divided by z.
0
Let m be (-1)/(-3 + 2/1). Suppose -m = 2*j + 5, -4*x = j - 53. Suppose 0 = 4*l - 4*t - 24, -2*l + 5*l = -t + x. What is the remainder when 13 is divided by l?
3
Suppose -12 = y + 3*g, -4*g - 15 - 1 = 0. Suppose y = a - 4. Suppose -85 = -r - a*r. Calculate the remainder when 33 is divided by r.
16
Let o be (-22)/77 + (-10)/14. Let m = o + 27. Calculate the remainder when 76 is divided by m.
24
Let q(w) = w**2 - 5*w + 1. What is the remainder when 1 is divided by q(5)?
0
Let w = -121 - -133. What is the remainder when 70 is divided by w?
10
Suppose 4*h + m = 15, 2*h + m - 4 = 1. Suppose -4*z + 37 = h*l - 14, -2*z - 2*l + 24 = 0. What is the remainder when z is divided by 6?
3
Calculate the remainder when 405/20 - 2/8 is divided by 11.
9
Calculate the remainder when 28 is divided by (-5)/15 - (-31)/3.
8
Suppose -2*x + 60 = 4*d - d, 4 = d. What is the remainder when 71 is divided by x?
23
Let m(b) = 2*b**3 - b**2 - 2*b + 4. Suppose 91*s - 94*s = -45. Calculate the remainder when m(3) is divided by s.
13
Suppose 3*j - 31 = j - a, -3*a - 33 = -3*j. Let n = 103 + -77. Calculate the remainder when n is divided by j.
12
Suppose -2*i = -i - 10. Suppose -2*u + 0 + i = 0. Suppose 0*o - 5*y = 2*o - 24, u*o - 4*y = 27. Calculate the remainder when o is divided by 5.
2
What is the remainder when 73 is divided by 5/10 - (-37)/2?
16
Let v(l) = -12*l + 8. Let f(y) = -y + 1. Let h(t) = 10*f(t) - v(t). Let a be h(-4). Calculate the remainder when -2 + 26 + a/3 is divided by 8.
6
Let q = 81 - 60. What is the remainder when q is divided by 11?
10
Let r(g) = g**3 - 12*g**2 + 15*g - 6. What is the remainder when r(11) is divided by 20?
18
Let t(g) = -16*g**3 + g**2 + g + 1. Let c(v) = -v**3 + 21*v**2 + 2*v + 7. What is the remainder when c(21) is divided by t(-1)?
15
Calculate the remainder when 39 is divided by (1 + 2)*(6 - 21/9).
6
Calculate the remainder when 25 is divided by (-1)/(1 - 40/36).
7
Let t(j) = -2*j**3 - 2*j**2 - 3*j - 1. Let g = -12 - -19. What is the remainder when t(-2) is divided by (6/3*g)/2?
6
Suppose -5*u + 6 = -14. Suppose -36 = 4*m - n + 3*n, u*m = 5*n - 22. Let o = 18 + m. Calculate the remainder when 18 is divided by o.
8
Let d be 2 - (-20 + (1 - 0)). Let g = 65 - d. Calculate the remainder when g is divided by 15.
14
Suppose 3*c = -4*w + 57, -4*c = 4*w - 22 - 38. Let l be 0 + 2 + -4 + 6. Let u(m) = 2*m**2 + 2*m - 6. What is the remainder when u(l) is divided by w?
10
Suppose -5*x + 397 = -358. What is the remainder when x is divided by 38?
37
Let f(o) = o + 7. Calculate the remainder when f(6) is divided by 6/5*4 - (-1)/5.
3
Let y(w) = w**2 - 13*w + 5. Let k(l) = -2*l**2 + 26*l - 11. Let u(r) = 6*k(r) + 11*y(r). Calculate the remainder when 56 is divided by u(10).
18
Let z(c) be the third derivative of 0 + 0*c + 1/6*c**4 - 2*c**2 - 1/6*c**3. What is the remainder when z(5) is divided by 10?
9
Suppose -4*r + 46 = 3*h - 71, 0 = -4*h - 20. Calculate the remainder when r is divided by 20.
13
Suppose -2*l - 95 = -0*l - i, -2*i = l + 35. Let v = -23 - l. Suppose -2*w - 46 = -5*d, -2*d - 2*w + 18 = d. Calculate the remainder when v is divided by d.
6
Suppose -3*s = -119 - 58. Calculate the remainder when s is divided by 15.
14
Let z be ((-10)/(-4))/((-3)/(-78)). Let m = -34 + z. What is the remainder when 121 is divided by m?
28
Let a(n) = -n**2 - 21*n - 4. Calculate the remainder when 93 is divided by a(-20).
13
Let a = -69 - -74. What is the remainder when 9 is divided by a?
4
Suppose 5 - 1 = 2*s. Suppose 3*u + 0*u = s*x + 66, 2*x = -4*u + 88. Suppose -5*j = a - 2, -j = -a - 2*j + 10. What is the remainder when u is divided by a?
10
Let s(l) = l**3 + 9*l**2 + 7*l + 2. Let z be s(-8). Suppose 4*y - 2 = 3*n - 2*n, n = -2*y + z. What is the remainder when n is divided by 4?
2
Let o(v) = -11*v**3 + 2*v + 1. Let w = -7 - -6. What is the remainder when o(w) is divided by 6?
4
Let l = 7 - -8. Calculate the remainder when 42 is divided by l.
12
Let f be (-8)/12 + 2/3. Let i(r) = 22*r - 3. Let g be i(2). Let b = g - f. Calculate the remainder when b is divided by 14.
13
Let r(f) = 9*f**2 + 16 - 3*f**2 - 7*f**2 - 18*f. What is the remainder when 79 is divided by r(-18)?
15
Let a(g) = 3*g - 22. Calculate the remainder when a(10) is divided by 4.
0
Suppose -6*f = -7*f + 54. Calculate the remainder when 215 is divided by f.
53
Let h = -6 - -10. What is the remainder when 33 is divided by h?
1
Let t(x) = 7*x**2 + x - 1. Calculate the remainder when 18 is divided by t(1).
4
Let d(y) = -3*y**3 - 12*y**2 - 3*y - 1. What is the remainder when d(-5) is divided by 4?
1
Calculate the remainder when 27 is divided by 8 - (-2 + 5 + -5).
7
Let s be (-30)/(-4)*(-4)/5. Let y = s - -10. What is the remainder when 13 is divided by 8/(-3)*(-6)/y?
1
Suppose 8 = 3*i + 2*i - b, 2*i + 3*b = 10. Let v be -2 - i*(3 - 4). Suppose -f - d = -v*d + 2, 5*f + 2*d = 2. Calculate the remainder when 3 is divided by f.
1
Let y(a) = -5*a. Let l be ((-4)/(-3))/(2/(-6)). Let q = -9 - -16. What is the remainder when y(l) is divided by q?
6
Let w = 98 - 88. Calculate the remainder when 37 is divided by w.
7
Let m = -34 + 43. What is the remainder when m is divided by 3?
0
Calculate the remainder when 18 is divided by 2*(27/6 - 2).
3
Suppose 2*d - p - 8 = 9, -2*p = 3*d - 36. Calculate the remainder when 39 is divided by d.
9
Let p be (62/(-6))/(1/(-9)). Suppose -2*o + p = 5. Calculate the remainder when o is divided by 23.
21
Suppose 5*a + 6 = -3*o + 20, 0 = o + 2*a - 5. Calculate the remainder when ((-1)/2)/(o/(-90)) is divided by (-6)/4*(-96)/18.
7
Suppose -3*c = 1 - 55. Let o = 23 - c. What is the remainder when o is divided by 4?
1
Suppose 0 = a - 23 + 13. Let m(n) = 3*n**2 + 12 + 8*n - 4*n**2 + 2*n. Calculate the remainder when 34 is divided by m(a).
10
Suppose 14 = 2*v - 2*a, 0 = 5*a + 10 + 5. Let d(o) = 2 + 12 + o - 4. Calculate the remainder when d(0) is divided by v.
2
Let h be 2*(15/6 + -2). Calculate the remainder when (h/(-2))/((-3)/114) is divided by 7.
5
Let b(i) = -i**3 + 4*i**2 - 2. Suppose 0*r = -5*r + 25. Suppose 0 = f - 0*f + 2*v - 4, 0 = -5*f - r*v + 20. What is the remainder when b(2) is divided by f?
2
Let v = 5 - 2. What is the remainder when (v - 2)/((-2)/(-18)) is divided by 4?
1
Suppose 18*i + 2 = 308. What is the remainder when (66/(-4))/(2/(-4)) is divided by i?
16
Suppose -3*t + 11 = 3*i - 13, -i + 3*t - 12 = 0. Let z(y) = 3*y**2. Calculate the remainder when z(i) is divided by 14.
13
Suppose 12 = -4*d, m + 5*d = 2*d - 15. Let a = -4 - m. Suppose -a*p + 14 = -12. Calculate the remainder when 37 is divided by p.
11
Let o(k) = -k**3 - 2*k**2 + 2*k - 4. Let t be o(-3). Let i = 3 + t. Calculate the remainder when i is divided by 3/2*(-4)/(-3).
0
Let m(t) = t**2 - 2*t - 9. Let z(p) = p**2 - p - 8. Let y(a) = -2*m(a) + 3*z(a). What is the remainder when 10 is divided by y(3)?
4
Suppose 0 = -3*a - 9, -4*z + 3*a - 5*a = -22. What is the remainder when 11 is divided by z?
4
Suppose 5*d = 3*d + 6. Calculate the remainder when (-3)/((-14)/6 - -2) is divided by d.
0
Let z = 4 - 2. Suppose k + b - 1 = 2, -z*b = -3*k + 9. Suppose k*v - 7 = 5. What is the remainder when 6 is divided by v?
2
Let j = 12 - -4. Suppose 31 = 2*m - 35. Suppose -2*g - 15 = -m. What is the remainder when j is divided by g?
7
Let x(c) = -c**3 - 6*c**2 - 6*c + 2. Suppose 5*q - 5*a = 110, -4*q - 43 = a - 121. What is the remainder when q is divided by x(-5)?
6
Suppose 2*h + 4*j